m(l).
-5
Let l(k) = -4*k - 5 + k + 3. Calculate l(2).
-8
Let d be 3 + 2 + -3 + 3. Let p(h) be the first derivative of -h**2/2 + 2*h - 2. Calculate p(d).
-3
Let d(p) = 6*p - 6*p**3 + 0*p**3 - 5*p + 0*p**3. Calculate d(1).
-5
Let l(b) = -b**2 + 6*b - 5. Suppose 2*g = 9 - 3. Let v be (5/(-3))/(g/(-9)). Give l(v).
0
Let f(k) = -k**3 - 2*k**2 - 2. Let b = -5 + 7. Suppose b*z = z - 3. Determine f(z).
7
Let a = 13 - 38. Let y = 19 + a. Let v(g) = g**3 + 6*g**2 + g + 8. What is v(y)?
2
Suppose 4*p = p - 6. Let m(v) = -2*v**2 - v + 2. Let u be m(p). Let x(i) = i**3 + 3*i**2 - 3*i + 2. Determine x(u).
-2
Let p(f) = -f**3 - 3*f**2 + 4. Let s = -12 + 9. What is p(s)?
4
Let c(b) = -b**2 - 5*b + 1. Let l be c(-3). Suppose 4*g = -4*d + 8, -l*g + 10 = 4*d - 2*g. Let x(m) = -m - 6. Give x(d).
-6
Let n = 8 + 1. Let k be 15/n - (-1)/3. Let u(p) = 3*p**k - p - 2*p**2 - p. Calculate u(3).
3
Let v(q) = q**2 + 4*q - 4. Let p(k) = -k**3 + 2*k**2 - 1. Let b be p(1). Suppose b = -10*c + 7*c - 12. Give v(c).
-4
Let c(i) = 5*i**2 - i. Let f be c(1). Let b(g) = -g**3 + g - 4 + 4*g - f*g + g**2 - 3. Give b(0).
-7
Let w(y) = 5*y + 4 - 4*y - 8*y + y**2. Determine w(5).
-6
Let b = -126 - -125. Let o(y) = -10*y. What is o(b)?
10
Let c(v) = -v**3 + 15*v + 3*v**2 - 3*v**3 - 17*v + 5*v**3. Give c(-3).
6
Let n(r) = r**3 - 6*r**2 - 3*r + 6. Let d be 5*(57/(-15) - -5). What is n(d)?
-12
Suppose -2*n + 3 = -h, -2*h = -3*h + 4*n + 5. Let u(w) = -w**2 - 11*w - 2. Give u(h).
-2
Let q(g) = g + 8. Let s be -5 + 1 + (-4)/(-1). Determine q(s).
8
Let c(o) = o**3 - 7*o**2 - o + 3. Let s(b) = -b**2 + 13*b + 55. Let d be s(16). Calculate c(d).
-4
Let z be (-24)/(-32) - (-2)/8. Let u(t) = -5*t**2. Determine u(z).
-5
Let p(n) = -3*n + 3. Let l(h) = h**3 + 22*h**2 - 23*h - 3. Let k be l(-23). What is p(k)?
12
Let r(u) be the third derivative of -u**4/24 - u**3 - 6*u**2. What is r(0)?
-6
Let l(f) = 2*f - 9. Let p be l(7). Let g(r) be the second derivative of 0 + 1/3*r**3 - 7/2*r**2 + 2*r. Calculate g(p).
3
Let y(d) = 3*d**3 - 6*d**2 + 2*d - 2. Let j(i) = -4*i**3 + 7*i**2 - 3*i + 1. Let u(o) = 2*j(o) + 3*y(o). Give u(4).
-4
Let d(t) = t**2 + 6*t + 2. Let w(a) = -a**2 - 5*a - 1. Let m(z) = -2*d(z) - 3*w(z). Give m(-5).
9
Let r be (-6)/(-3) + -1 + -11. Let b be (-16)/r + 9/(-15). Let z(d) = 2*d - d**2 + b + 2*d - 5*d. Give z(1).
-1
Let n(d) = 3*d**3 + 6*d**2 + 4*d - 4. Let b(y) = -5*y**3 - 11*y**2 - 8*y + 8. Let w(g) = -4*b(g) - 7*n(g). Determine w(3).
-1
Suppose 4*h - 24 = -0*h. Let m(n) = 5*n**3 - 11*n**2 - 12. Let w(a) = 9*a**3 - 21*a**2 + a - 23. Let v(j) = h*w(j) - 11*m(j). What is v(-6)?
-6
Let a be (-1)/6 - 7/(-6). Let k be a + 12/(-4) + 8. Let j(n) = n**2 - 7*n + 4. Determine j(k).
-2
Suppose 2*g = -2*k + 12 - 32, 5*k + 14 = 4*g. Let j(f) be the third derivative of -f**5/60 - 7*f**4/24 - 3*f**3/2 - f**2. Determine j(k).
-3
Let r(n) = n - 1. Let w(a) = 6 - 10 + 5. Let y(q) = r(q) + 5*w(q). Give y(-5).
-1
Let y(r) = -2*r + 1. Let u(n) = n**3 + 9*n**2 + 6*n - 13. Let p be u(-8). Calculate y(p).
-5
Let q(h) = -3*h**2 - 4*h - 3. Let a(j) = -2*j**2 - 2*j - 2. Let x(w) = 5*a(w) - 3*q(w). Determine x(3).
-4
Let u = 9 + -5. Suppose 4*x = 3*y + 18, -u = 4*x - 2*x + 5*y. Let a(h) = -h**3 + 5*h**2 - 5*h + 2. Calculate a(x).
5
Let f(g) = g**3 + 4*g**2 + 2*g - 2. Let l be f(-2). Suppose -x + l = 4*a, 3*x - 2*a = -6*a + 6. Let c(m) = -3 + 3*m + 4 + 4*m**2 - x*m - 3*m**2. Give c(0).
1
Let a(m) = m**2 + m. Let y(l) = -l - 1. Let n(k) = a(k) - y(k). Suppose -2*i + 8 = -6*i. Let h be n(i). Let v(q) = -6*q**3. Give v(h).
-6
Let n(c) = -2*c - 3. Let v(y) = -2*y**2 + 15*y + 1. Let o be v(8). Let z(u) = 6*u + 9. Let r(w) = o*n(w) - 2*z(w). Determine r(-2).
-1
Suppose 0 = -6*x + 4*x + 10, 4*x - 30 = -5*o. Suppose 5*t = -2*q - 9 + o, 0 = -4*q - t + 13. Let f(j) = -j**2 + j + 3. Determine f(q).
-9
Let q be (3/9)/(-3 - (-52)/12). Let w(b) be the first derivative of 3*b**2 - q*b**4 + b**3 - 1 - 5*b. What is w(4)?
3
Let p(u) be the first derivative of u**3/3 + u - 2. Let l = -9 + 9. Determine p(l).
1
Let z(a) = -a + 13. Let l = -68 - -74. Determine z(l).
7
Let m(h) = -h + 3*h + 2*h - h + 20. Let g be m(-6). Let z(y) = y**3 - y**2 + 2*y - 1. Give z(g).
7
Let i be 2 - (0 - (0 - -1)). Let n(r) = 5*r + r**2 - 2 - i*r + 2*r**2. Determine n(-2).
6
Let h = 196 - 194. Let v(x) = 4*x + 1. What is v(h)?
9
Let z(i) be the third derivative of 1/12*i**4 + i**3 + 4*i**2 + 0*i + 0. Let p be ((-10)/1)/2 + 0. Give z(p).
-4
Let n be (0 - -1)/(2/(-2)). Let u(v) be the second derivative of 0 + 9*v + 0*v**4 + 1/2*v**2 + 1/3*v**3 - 11/20*v**5. Calculate u(n).
10
Let g(b) = -3*b**3 - 6*b**2 + b + 4. Let x(l) = -10*l**3 - 19*l**2 + 4*l + 12. Suppose -8*f - 10 = -3*f. Let u(t) = f*x(t) + 7*g(t). Determine u(-3).
-2
Let j(c) = 2*c - 15*c**3 + c**2 + 11*c**3 + 1 + 0*c**3 + 18*c**3. What is j(-1)?
-14
Let n(v) = v - 4. Let k = 19 - 14. Determine n(k).
1
Suppose j = -1 + 2. Let p(a) = -j + 2*a - a**2 - a + 2 + 0*a. Give p(0).
1
Let g(s) = -3*s + 5. Let w(d) = -4*d + 6. Let n(l) = 6*g(l) - 4*w(l). Determine n(4).
-2
Let j(x) = -5*x**2 + 8*x - 1. Let u(a) = -6*a**2 + 9*a - 2. Let g(h) = -5*j(h) + 4*u(h). Let k(o) be the first derivative of g(o). What is k(4)?
4
Let v(k) = k**3 + 4*k**2 - 4. Suppose -2*w + 12 = 5*s, w + 28 = -3*w + 3*s. Calculate v(w).
-4
Let l(r) = 4*r**3 - 2*r**2 + 3*r + 13. Let m(o) = o**3 - o**2 + o + 4. Let y(u) = 2*l(u) - 7*m(u). Let c = -2 + -1. Let k = 0 + c. Calculate y(k).
1
Suppose 3*r - 32 = 11*r. Let k(h) = -h**3 - 5*h**2 - 3*h. What is k(r)?
-4
Suppose 0 = -13*n + 5*n + 80. Let m(v) = v - 5. Give m(n).
5
Let a(f) = -7*f**3 - f. Let v = 7 + -4. Suppose 2*m - 5*m + 12 = -v*c, c - 4*m = -13. Calculate a(c).
8
Suppose -2*r + 3*o = 2*o - 11, -3 = -3*r - 3*o. Let d(t) = -t**2 - 4*t + r*t - 4*t - 2. Let z(l) = -4*l**3 - l**2 + l - 1. Let x be z(1). Determine d(x).
-7
Let m = -4 + 10. Let d(h) = -3 - 3 - 1 + h + m + 7*h**2. Calculate d(1).
7
Let q = -6 - -11. Let k(f) be the third derivative of 0*f + 1/60*f**q - f**2 + 1/8*f**4 + 0 + 1/3*f**3. Determine k(-2).
0
Let b(h) = -15*h**2 + 8*h + 11. Let n(t) = -5*t**2 + 3*t + 4. Let a(r) = -3*b(r) + 8*n(r). Determine a(1).
4
Let n(x) = -x**2 + 8*x - 9. Let w be n(6). Suppose 0 = -4*p - 5*s - 24 + 5, -w*p - 6 = s. Let a(r) = -r - 2. Give a(p).
-1
Let o(u) = -5*u - 1. Let w be o(1). Let v(f) = f**3 + 6*f**2 + 2*f - 3. Calculate v(w).
-15
Let y(v) = -v**2 - 6*v - 3. Let w be y(-5). Suppose a - 2*r + 48 = 4*a, 0 = w*r. Suppose -2*j - a = 2*j. Let c(p) = p**2 + 4*p. Calculate c(j).
0
Suppose t - j = 3*t - 34, t - 35 = -5*j. Let r be (4/5)/(3/t). Let s(z) = 2*z - r*z + z - 2. Give s(-3).
1
Let a(l) = 8*l + l**3 + l - 7*l - 1 + 4*l**2. Calculate a(-3).
2
Let a(r) be the third derivative of -r**6/120 - r**5/10 - r**3 + 28*r**2. Suppose -24 = 2*k + 2*k. Determine a(k).
-6
Let q(p) = 2 + 0 - p**3 + 2 + p. Suppose 2*k - 4*k = 3*k. Give q(k).
4
Let k(x) = -x**3 + x + 2. Let j(d) = -d + 4. Let w be j(4). What is k(w)?
2
Let q be 1*(-1 - -3)/2. Let d(k) be the second derivative of -5*k**4/4 + 5*k**3/2 - 5*k. Let j(u) = -7*u**2 + 7*u. Let l(c) = 6*d(c) - 13*j(c). Determine l(q).
0
Let u(b) = -b**3 - b**2 - b. Let p be u(-1). Let i = p + -2. Let x be i*(1*-2 - -1). Let q(a) = -6*a**2 - a. Give q(x).
-7
Let c(j) = -j**2 + 6*j. Suppose -3*f + 2*o = -2, -o - 4 - 2 = f. Let x be 1 + ((-2)/2 - -7). Let g = f + x. Give c(g).
5
Suppose 4*b + 12 = -4*j, -3*b + 5 = -0*j - 4*j. Let q(y) = 3*y**3 + y**2. Determine q(b).
-2
Let q(d) = -6*d**2 - 9*d**2 + 2 + 5*d - 3*d**2 + 17*d**2. Calculate q(7).
-12
Let q(v) = v**2 + 5. Let t(m) be the first derivative of -m**2/2 + 2. Let h(n) = -q(n) - 4*t(n). Let k = 5 - 1. What is h(k)?
-5
Let y(q) = -2*q**2 + 9*q + 9. Let w(x) = x**2 - 5*x - 5. Let a(h) = 5*w(h) + 3*y(h). Calculate a(2).
2
Let g(o) = 0*o**2 + 3 - 2*o**2 - 6. Let l(x) = 3*x**2 + x + 7. Let c(j) = -5*g(j) - 3*l(j). Calculate c(5).
4
Let u(g) be the second derivative of -g**5/20 + g**4/4 + 7*g**3/6 + g**2/2 + 2*g. Give u(5).
-14
Let z(k) = k**3 - 15*k**2 + 15*k - 6. Let u(p) = p**3 - 14*p**2 + 14*p - 5. Let y(m) = -5*u(m) + 4*z(m). Calculate y(9).
-8
Let p(c) be the second derivative of c**5/5 + c**2/2 - c. Let k = -8 + 6. Let g be -1 + (k - -2)/(-2). What is p(g)?
-3
Let n(h) be the second derivative of h*